3212
In base 15, what is -7c1 - -597c5?
59004
In base 12, what is 1 + 15244b15?
15244b16
In base 2, what is -1010000000000 - 11110101110111010?
-11111111110111010
In base 7, what is 5562 - -131662?
140554
In base 6, what is -15 - -32324400?
32324341
In base 9, what is 31453084 - 10?
31453074
In base 12, what is 269bb61b + -5?
269bb616
In base 15, what is -b995 - 0?
-b995
In base 5, what is -1202 + -423134323?
-423141030
In base 10, what is 3 + 51881498?
51881501
In base 13, what is 40c5 - 4ca7?
-bb2
In base 6, what is 32510 + -15421?
13045
In base 2, what is -1001010011001110000001 - -101101?
-1001010011001101010100
In base 14, what is -1ac50 - 7a?
-1acca
In base 8, what is 1024 + 3140262?
3141306
In base 10, what is 2176 - 1145?
1031
In base 11, what is -5099a + 10?
-5098a
In base 10, what is 2945380 - 4?
2945376
In base 14, what is -80a3b - -54a?
-804d1
In base 7, what is -1 - -545406506?
545406505
In base 7, what is 22145 + -106064?
-53616
In base 10, what is -1283 - 205652?
-206935
In base 3, what is 2121221120120212 - 12?
2121221120120200
In base 13, what is a02529 + b?
a02537
In base 10, what is 53921 - 67?
53854
In base 9, what is 667 - 208561?
-207783
In base 4, what is 2203 - -2120330111?
2120332320
In base 16, what is 2 + -c99b3c?
-c99b3a
In base 8, what is -1672267 + -5?
-1672274
In base 11, what is -33 - -2435a6?
243573
In base 9, what is 55 - -24754064?
24754130
In base 13, what is -5 - 3a5527b?
-3a55283
In base 11, what is 8089 - 66a2?
1497
In base 3, what is 201111121112020 + -11?
201111121112002
In base 7, what is -30653 + 20420?
-10233
In base 8, what is 11512 + -711405?
-677673
In base 7, what is 2000535 + 555?
2001423
In base 12, what is ab7 - -1a58?
2953
In base 15, what is -238648 - -3?
-238645
In base 3, what is 1212210010020 - 0?
1212210010020
In base 2, what is 1001100011001001101010 + -110101?
1001100011001000110101
In base 4, what is 1 + 12110032323?
12110032330
In base 12, what is -a6 - -17363a?
173554
In base 13, what is 7649150 - 2?
764914b
In base 2, what is -1110010 - -110110011010101?
110110001100011
In base 2, what is -1011001 - 1111001011001110010111?
-1111001011001111110000
In base 6, what is 21555214 + -154?
21555020
In base 10, what is -3742 - 2100?
-5842
In base 15, what is 1 - 2a031d3?
-2a031d2
In base 9, what is -11 + 250522?
250511
In base 7, what is -13321636410 - -3?
-13321636404
In base 8, what is 6163 + -161271?
-153106
In base 3, what is -212110021002120 + -12?
-212110021002202
In base 5, what is -14 + 20004344344?
20004344330
In base 4, what is -3232212302 + -123?
-3232213031
In base 16, what is -d47f + -1f9?
-d678
In base 12, what is 5 - -3578301?
3578306
In base 11, what is 29 - 489565?
-489537
In base 8, what is -235 + 136633?
136376
In base 14, what is 122 - 9a95?
-9973
In base 4, what is -12 - -3133110210330?
3133110210312
In base 14, what is bab + 1567a?
16447
In base 8, what is 17741127 + -13?
17741114
In base 15, what is -ee5aa - 4c?
-ee607
In base 9, what is 2 - -3062388?
3062401
In base 2, what is 1 - -100001110000111001011101000?
100001110000111001011101001
In base 3, what is 2 + -20002010100212?
-20002010100210
In base 2, what is 110101 - 101101111000100001000101?
-101101111000100000010000
In base 11, what is 166 + -33445?
-3328a
In base 15, what is 4132a + -1e?
4130b
In base 14, what is 3 + 339490?
339493
In base 14, what is 49 - -106c70?
106cb9
In base 10, what is -8 - -246148?
246140
In base 13, what is 68babb - -10?
68bacb
In base 5, what is 1143231111204 + -1?
1143231111203
In base 7, what is -1313646 + -23?
-1314002
In base 6, what is 102 - -4325550?
4330052
In base 2, what is -10011101 + 100011011100111100110?
100011011100101001001
In base 6, what is -1041 + -1300045?
-1301130
In base 10, what is 4 - -1733527?
1733531
In base 13, what is -842448a + -2?
-842448c
In base 10, what is -40440891 - -3?
-40440888
In base 2, what is 100001110101 - -100100110101?
1000110101010
In base 7, what is 3 - 34503525?
-34503522
In base 6, what is 415505 + -245?
415220
In base 13, what is 18730 - 369?
18394
In base 15, what is -1d5a77 - -7?
-1d5a70
In base 3, what is 112211 - -21122121112?
21200011100
In base 4, what is -20111223 + 3033?
-20102130
In base 15, what is -67b0 + -13e8?
-7ba8
In base 9, what is -3528 + -36010?
-40538
In base 4, what is 103001030 + -312?
103000112
In base 5, what is 10 + 333120440101?
333120440111
In base 6, what is 1512121 + -21552?
1450125
In base 16, what is -3a + 7351fe?
7351c4
In base 14, what is 13431d + -d?
134310
In base 10, what is -5 - 279630?
-279635
In base 6, what is -15314522 - 4?
-15314530
In base 8, what is 353546 - 1231?
352315
In base 2, what is 1001010101100100000110 - 10000?
1001010101100011110110
In base 11, what is 3 + -92a08214?
-92a08211
In base 10, what is -1706672 - 6?
-1706678
In base 9, what is 57 + 277607?
277665
In base 8, what is -164066 + 13?
-164053
In base 9, what is -10 + -805218?
-805228
In base 12, what is 1aaa72 + -a?
1aaa64
In base 7, what is 2612 - -2423?
5335
In base 11, what is 80079411 + -3?
80079409
In base 11, what is -10 + 395271?
395261
In base 16, what is -222fef - 5?
-222ff4
In base 14, what is -1bb7438 - 10?
-1bb7448
In base 13, what is b36 + 6151?
6c87
In base 7, what is -13362512 + 153?
-13362326
In base 11, what is -15 - -79501a4?
795018a
In base 2, what is -11101111011 + -1110110001011111011?
-1110110101001110110
In base 12, what is -4ab44 + 63?
-4aaa1
In base 15, what is 1925e8e3 - 5?
1925e8dd
In base 16, what is 1052c16 - -37?
1052c4d
In base 3, what is -12 + 120122101020110?
120122101020021
In base 3, what is 2200122112201001 - 21?
2200122112200210
In base 13, what is -7b - 42c48?
-42cc6
In base 11, what is -4853 + 112?
-4741
In base 6, what is -5423 + -1013351?
-1023214
In base 15, what is 9 + 12ddcd?
12ddd7
In base 7, what is 22 + -4660554?
-4660532
In base 16, what is -40 - -1bc07d?
1bc03d
In base 9, what is 1242453 + 16?
1242470
In base 9, what is 2 + 11378103?
11378105
In base 8, what is -4 + 10303470?
10303464
In base 8, what is -2002 + -1065370?
-1067372
In base 5, what is 311143130140 - 3?
311143130132
In base 15, what is 0 + -1c109e6a?
-1c109e6a
In base 6, what is 12 - -1323444013?
1323444025
In base 11, what is 0 - 255050?
-255050
In base 5, what is 10 - -44012430122?
44012430132
In base 10, what is 5299984 - 2?
5299982
In base 13, what is 11 - -296142?
296153
In base 16, what is -8ae3 - -67c?
-8467
In base 7, what is 14 + -11263460?
-11263443
In base 8, what is -1421353 + 276?
-1421055
In base 6, what is -11534245 + -124?
-11534413
In base 7, what is -2350 - 1300463?
-1303143
In base 16, what is -1b1b6bd + -18?
-1b1b6d5
In base 12, what is 6681b + -103?
66718
In base 16, what is 621 - -34767?
34d88
In base 11, what is 67412 + -211?
67201
In base 3, what is -20102 - -12010?
-1022
In base 10, what is -6402534 + -4?
-6402538
In base 14, what is 2 - -4b3526?
4b3528
In base 4, what is -1300000122 - 313?
-1300001101
In base 2, what is 1100 + -1011111000110010101001?
-1011111000110010011101
In base 15, what is 5 + -59b745?
-59b740
In base 11, what is 17049a + -111?
170389
In base 13, what is -3c + 1014cb4?
1014c75
In base 14, what is 23d - 3cbc?
-3a7d
In base 14, what is -648550c - 2?
-6485510
In base 15, what is 2 + -2bcc36?
-2bcc34
In base 10, what is -149 - -106094?
105945
In base 3, what is -122021112000 - 21220?
-122021210220
In base 5, what is -221 - 3440044233?
-3440100004
In base 5, what is 1040 - 2100103441?
-2100102401
In base 11, what is 10747651 - -5?
10747656
In base 4, what is -1 - 1301132200002?
-1301132200003
In base 5, what is -1243 + -2043413442?
-2043420240
In base 13, what is 11 - 4a25534?
-4a25523
In base 8, what is 4650341 + 0?
4650341
In base 2, what is 1010 + 10001101011100001001000010?
10001101011100001001001100
In base 7, what is 531 + 210614?
211445
In base 13, what is -76c1b1 + 102?
-76c0ac
In base 4, what is -2122233120 + -3?
-2122233123
In base 6, what is 22110 - 435?
21231
In base 14, what is -c03 - 11c5?
-1dc8
In base 12, what is -11332941 + b?
-11332932
In base 7, what is -16 + -2140406?
-2140425
In base 3, what is 1210220101010 - -111011?
1210220212021
In base 13, what is a1210871 + 0?
a1210871
In base 4, what is -22 - -1230122222?
1230122200
In base 4, what is 1230132 - 